ed by 25155.
1595
What is the remainder when 17210749 is divided by 316?
125
What is the remainder when 364726 is divided by 321?
70
Calculate the remainder when 4940958 is divided by 350.
8
Calculate the remainder when 26043084 is divided by 13015.
69
What is the remainder when 664291 is divided by 147?
145
What is the remainder when 4752623 is divided by 57?
20
Calculate the remainder when 82345 is divided by 1467.
193
Calculate the remainder when 21864687 is divided by 6662.
3
What is the remainder when 80325163 is divided by 29?
6
Calculate the remainder when 326724 is divided by 2238.
2214
What is the remainder when 1751800 is divided by 26947?
245
What is the remainder when 10139685 is divided by 25036?
105
Calculate the remainder when 3467710 is divided by 324.
262
Calculate the remainder when 95904 is divided by 18131.
5249
What is the remainder when 3604070 is divided by 1802030?
10
Calculate the remainder when 2002784 is divided by 182070.
14
Calculate the remainder when 952535 is divided by 185.
155
Calculate the remainder when 18055786 is divided by 23.
4
Calculate the remainder when 24243 is divided by 779.
94
What is the remainder when 7783720 is divided by 11938?
144
Calculate the remainder when 28076645 is divided by 13.
12
Calculate the remainder when 38529429 is divided by 37.
34
Calculate the remainder when 218511 is divided by 328.
63
What is the remainder when 92536036 is divided by 1449?
1447
Calculate the remainder when 5224056 is divided by 1844.
4
What is the remainder when 1083863 is divided by 211?
167
What is the remainder when 952242 is divided by 190443?
27
What is the remainder when 167991 is divided by 1724?
763
What is the remainder when 1951167 is divided by 1887?
9
What is the remainder when 65117039 is divided by 555?
554
Calculate the remainder when 933805 is divided by 31.
23
What is the remainder when 2494050 is divided by 8?
2
What is the remainder when 2493264 is divided by 356175?
39
Calculate the remainder when 147013794 is divided by 61641.
9
What is the remainder when 157007924 is divided by 42?
38
What is the remainder when 10592175 is divided by 127?
121
Calculate the remainder when 34226 is divided by 11330.
236
What is the remainder when 7150155 is divided by 163?
160
What is the remainder when 145441136 is divided by 1990?
1986
Calculate the remainder when 53029 is divided by 10.
9
What is the remainder when 241475037 is divided by 13?
11
What is the remainder when 3720255 is divided by 666?
645
Calculate the remainder when 141884 is divided by 19846.
2962
What is the remainder when 858491504 is divided by 2018?
2016
Calculate the remainder when 115144 is divided by 4604.
44
What is the remainder when 425262529 is divided by 28350834?
19
What is the remainder when 265367 is divided by 288?
119
Calculate the remainder when 2677701 is divided by 1419.
48
Calculate the remainder when 2294668 is divided by 2478.
40
Calculate the remainder when 383743 is divided by 4736.
127
What is the remainder when 10304979 is divided by 28?
27
What is the remainder when 19049 is divided by 5234?
3347
Calculate the remainder when 696014 is divided by 34791.
194
Calculate the remainder when 67974577 is divided by 10511.
10451
What is the remainder when 430444713 is divided by 657?
651
Calculate the remainder when 134617 is divided by 968.
65
Calculate the remainder when 517398 is divided by 762.
0
What is the remainder when 5358 is divided by 190?
38
What is the remainder when 1887759 is divided by 68?
11
What is the remainder when 46370457 is divided by 1180?
1177
What is the remainder when 24036 is divided by 952?
236
What is the remainder when 23843703 is divided by 131?
0
What is the remainder when 11040877 is divided by 2873?
2811
Calculate the remainder when 68328 is divided by 2337.
555
Calculate the remainder when 6765608 is divided by 965.
958
Calculate the remainder when 7716451 is divided by 1592.
27
What is the remainder when 47735 is divided by 46979?
756
What is the remainder when 432807 is divided by 14923?
40
Calculate the remainder when 5044809 is divided by 434.
427
What is the remainder when 8350859 is divided by 1528?
339
What is the remainder when 17238813 is divided by 224?
221
Calculate the remainder when 24099578 is divided by 5365.
5363
Calculate the remainder when 209774 is divided by 2206.
204
Calculate the remainder when 95183324 is divided by 124.
56
Calculate the remainder when 105257 is divided by 3109.
2660
Calculate the remainder when 11679097 is divided by 1144.
1
Calculate the remainder when 81774 is divided by 843.
3
Calculate the remainder when 146815 is divided by 23472.
5983
What is the remainder when 255230406 is divided by 31?
28
Calculate the remainder when 6069329 is divided by 2942.
2925
What is the remainder when 145957 is divided by 48445?
622
What is the remainder when 6606426 is divided by 112?
106
What is the remainder when 2309406 is divided by 320?
286
Calculate the remainder when 1181596 is divided by 7118.
8
Calculate the remainder when 87415 is divided by 33.
31
Calculate the remainder when 1272203416 is divided by 6473.
6469
Calculate the remainder when 60709754 is divided by 10118289.
20
Calculate the remainder when 207336 is divided by 6922.
6598
What is the remainder when 2987257 is divided by 431?
427
What is the remainder when 3980628 is divided by 398062?
8
What is the remainder when 59526 is divided by 11012?
4466
What is the remainder when 27356606 is divided by 13678299?
8
Calculate the remainder when 37240736 is divided by 3130.
3126
What is the remainder when 46694 is divided by 21315?
4064
Calculate the remainder when 107576 is divided by 53776.
24
What is the remainder when 17309579 is divided by 174844?
23
What is the remainder when 2656196 is divided by 4291?
67
Calculate the remainder when 1339299080 is divided by 3518.
3516
What is the remainder when 28861870 is divided by 185?
20
What is the remainder when 1006227 is divided by 31419?
819
Calculate the remainder when 2924813 is divided by 243718.
197
What is the remainder when 1165997 is divided by 24453?
16706
Calculate the remainder when 165629 is divided by 12701.
516
Calculate the remainder when 52595060 is divided by 17531678.
26
Calculate the remainder when 616664 is divided by 205528.
80
Calculate the remainder when 402329563 is divided by 9.
7
What is the remainder when 1617533 is divided by 101?
18
What is the remainder when 3153188 is divided by 1801?
1438
Calculate the remainder when 22710647 is divided by 19697.
6
What is the remainder when 100466711 is divided by 1983?
1982
What is the remainder when 219058 is divided by 15644?
42
Calculate the remainder when 2426006 is divided by 48520.
6
What is the remainder when 1069566 is divided by 178261?
0
What is the remainder when 1906494 is divided by 820?
814
Calculate the remainder when 9860865 is divided by 1408679.
112
Calculate the remainder when 472725 is divided by 3194.
13
Calculate the remainder when 93121 is divided by 44.
17
Calculate the remainder when 261161 is divided by 1067.
813
Calculate the remainder when 20216 is divided by 720.
56
What is the remainder when 12046887 is divided by 83?
18
Calculate the remainder when 73041 is divided by 71859.
1182
Calculate the remainder when 624503 is divided by 7610.
483
What is the remainder when 70435291 is divided by 21?
10
What is the remainder when 27904 is divided by 9057?
733
What is the remainder when 102777017 is divided by 1669?
1666
Calculate the remainder when 20285819 is divided by 7.
1
What is the remainder when 330336 is divided by 47184?
48
Calculate the remainder when 9612696 is divided by 21997.
7
What is the remainder when 761794 is divided by 253928?
10
What is the remainder when 3055347 is divided by 299?
165
What is the remainder when 753427 is divided by 2899?
2586
What is the remainder when 1295654 is divided by 223?
24
Calculate the remainder when 31892037 is divided by 47.
46
Calculate the remainder when 14185576 is divided by 38.
24
What is the remainder when 157863 is divided by 3428?
175
What is the remainder when 39539 is divided by 2235?
1544
What is the remainder when 569749 is divided by 189916?
1
What is the remainder when 6362308 is divided b